03973?
107, 51439
List the prime factors of 5533606.
2, 13, 29, 41, 179
List the prime factors of 13135959.
3, 101, 4817
What are the prime factors of 198994?
2, 99497
List the prime factors of 212994.
2, 3, 11833
What are the prime factors of 1438231?
1438231
List the prime factors of 5206853.
31, 101, 1663
List the prime factors of 22704026.
2, 59, 192407
List the prime factors of 971508.
2, 3, 19, 4261
What are the prime factors of 2163941?
13, 166457
What are the prime factors of 10729913?
29, 369997
List the prime factors of 1022124.
2, 3, 19, 4483
List the prime factors of 229591.
229591
List the prime factors of 5749230.
2, 3, 5, 17, 11273
What are the prime factors of 374002?
2, 41, 4561
What are the prime factors of 351599?
351599
What are the prime factors of 433179?
3, 48131
List the prime factors of 41188.
2, 7, 1471
What are the prime factors of 139642?
2, 69821
What are the prime factors of 9572321?
11, 870211
List the prime factors of 13800934.
2, 7, 985781
What are the prime factors of 163657?
13, 12589
List the prime factors of 26306918.
2, 11, 151, 7919
List the prime factors of 72765.
3, 5, 7, 11
What are the prime factors of 29655?
3, 5, 659
What are the prime factors of 43345?
5, 8669
List the prime factors of 318962.
2, 7, 22783
What are the prime factors of 27305?
5, 43, 127
What are the prime factors of 11170942?
2, 41, 59, 2309
What are the prime factors of 452549?
452549
List the prime factors of 799921.
799921
What are the prime factors of 158901?
3, 52967
List the prime factors of 35300110.
2, 5, 3530011
List the prime factors of 1087750.
2, 5, 19, 229
List the prime factors of 3547911.
3, 23, 51419
What are the prime factors of 2411715?
3, 5, 160781
List the prime factors of 1250881.
31, 40351
List the prime factors of 5130429.
3, 821, 2083
List the prime factors of 209898.
2, 3, 13, 23
List the prime factors of 222577.
73, 3049
What are the prime factors of 119346?
2, 3, 19891
List the prime factors of 662175.
3, 5, 109
List the prime factors of 307516.
2, 11, 29, 241
What are the prime factors of 2049364?
2, 131, 3911
What are the prime factors of 18184852?
2, 7, 79, 8221
What are the prime factors of 18184278?
2, 3, 7, 432959
List the prime factors of 9465647.
641, 14767
What are the prime factors of 587538?
2, 3, 7, 4663
What are the prime factors of 6869725?
5, 109, 2521
List the prime factors of 3870542.
2, 13, 148867
List the prime factors of 229683.
3, 76561
What are the prime factors of 957409?
957409
What are the prime factors of 30179?
103, 293
What are the prime factors of 573051?
3, 67, 2851
What are the prime factors of 221981?
47, 4723
What are the prime factors of 4020242?
2, 43, 46747
List the prime factors of 28430859.
3, 19, 498787
What are the prime factors of 20412054?
2, 3, 13, 29077
What are the prime factors of 13337073?
3, 1481897
List the prime factors of 626817.
3, 37, 5647
What are the prime factors of 282375?
3, 5, 251
List the prime factors of 1001626.
2, 131, 3823
What are the prime factors of 67966?
2, 17, 1999
List the prime factors of 300482.
2, 7, 13, 127
What are the prime factors of 2858741?
2858741
List the prime factors of 1392708.
2, 3, 17, 6827
List the prime factors of 28253060.
2, 5, 11, 167, 769
List the prime factors of 720347.
19, 31, 1223
What are the prime factors of 329788?
2, 29, 2843
What are the prime factors of 327225?
3, 5, 4363
List the prime factors of 8335640.
2, 5, 208391
List the prime factors of 483836.
2, 29, 43, 97
What are the prime factors of 1120852?
2, 79, 3547
List the prime factors of 1933829.
127, 15227
List the prime factors of 24186324.
2, 3, 31, 79, 823
List the prime factors of 899026.
2, 37, 12149
What are the prime factors of 497931?
3, 7, 131, 181
List the prime factors of 83178.
2, 3, 4621
List the prime factors of 81544.
2, 10193
What are the prime factors of 20473491?
3, 17, 61, 6581
List the prime factors of 1250665.
5, 13, 71, 271
List the prime factors of 447243.
3, 43, 3467
What are the prime factors of 381139?
11, 34649
List the prime factors of 311742.
2, 3, 23, 251
What are the prime factors of 430459?
41, 10499
What are the prime factors of 1506900?
2, 3, 5, 5023
List the prime factors of 187925.
5, 7517
List the prime factors of 85932.
2, 3, 7, 11, 31
What are the prime factors of 3010339?
3010339
List the prime factors of 31456391.
743, 42337
What are the prime factors of 5641694?
2, 499, 5653
What are the prime factors of 1613235?
3, 5, 13, 8273
What are the prime factors of 3769601?
11, 342691
List the prime factors of 155955.
3, 5, 37, 281
List the prime factors of 90068.
2, 11, 23, 89
List the prime factors of 541839.
3, 109, 1657
List the prime factors of 9745248.
2, 3, 101513
List the prime factors of 1841881.
127, 14503
What are the prime factors of 37564698?
2, 3, 6260783
List the prime factors of 432871.
17, 25463
What are the prime factors of 536367?
3, 13, 17, 809
What are the prime factors of 10987629?
3, 23, 59, 2699
List the prime factors of 3270536.
2, 408817
List the prime factors of 1661972.
2, 13, 31, 1031
What are the prime factors of 21844133?
17, 733, 1753
List the prime factors of 2230138.
2, 37, 30137
What are the prime factors of 6621506?
2, 3310753
List the prime factors of 3817992.
2, 3, 257, 619
What are the prime factors of 2597528?
2, 19, 23, 743
What are the prime factors of 442850?
2, 5, 17, 521
List the prime factors of 147637.
7, 23, 131
List the prime factors of 3190481.
7, 455783
List the prime factors of 553458.
2, 3, 92243
List the prime factors of 4134073.
47, 87959
What are the prime factors of 224832?
2, 3, 1171
What are the prime factors of 30705717?
3, 7, 31, 101, 467
List the prime factors of 1503335.
5, 300667
List the prime factors of 184568.
2, 23071
What are the prime factors of 1244281?
17, 53, 1381
What are the prime factors of 677074?
2, 23, 41, 359
List the prime factors of 8255167.
883, 9349
What are the prime factors of 17279771?
17279771
List the prime factors of 982531.
11, 179, 499
What are the prime factors of 903938?
2, 7, 64567
What are the prime factors of 87048?
2, 3, 13, 31
What are the prime factors of 66092?
2, 13, 31, 41
List the prime factors of 316310.
2, 5, 47, 673
What are the prime factors of 13528058?
2, 43, 157303
List the prime factors of 209328.
2, 3, 7, 89
What are the prime factors of 9709216?
2, 11, 27583
List the prime factors of 2012076.
2, 3, 11, 5081
What are the prime factors of 150782?
2, 75391
What are the prime factors of 36859482?
2, 3, 11, 62053
What are the prime factors of 222934?
2, 111467
What are the prime factors of 1540350?
2, 3, 5, 7, 163
List the prime factors of 629993.
7, 13, 23, 43
What are the prime factors of 3951776?
2, 123493
What are the prime factors of 2217176?
2, 13, 21319
List the prime factors of 510969.
3, 17, 43, 233
List the prime factors of 572596.
2, 257, 557
List the prime factors of 1533313.
1533313
What are the prime factors of 27876592?
2, 347, 5021
What are the prime factors of 3655206?
2, 3, 23, 109
List the prime factors of 262318.
2, 7, 41, 457
List the prime factors of 2976736.
2, 7, 97, 137
What are the prime factors of 1834398?
2, 3, 223, 457
What are the prime factors of 437703?
3, 7, 19, 1097
What are the prime factors of 29061?
3, 3229
List the prime factors of 151127.
79, 1913
List the prime factors of 22684076.
2, 5671019
What are the prime factors of 746813?
746813
List the prime factors of 138253.
23, 6011
List the prime factors of 5711769.
3, 7, 47, 643
List the prime factors of 5659390.
2, 5, 11, 51449
List the prime factors of 9925011.
3, 19, 6449
List the prime factors of 2882871.
3, 35591
List the prime factors of 27485248.
2, 7, 19, 3229
List the prime factors of 1589062.
2, 794531
List the prime factors of 81493.
227, 359
What are the prime factors of 2238644?
2, 307, 1823
List the prime factors of 4876810.
2, 5, 487681
What are the prime factors of 2049340?
2, 5, 19, 5393
What are the prime factors of 846325?
5, 97, 349
What are the prime factors of 296027?
296027
List the prime factors of 584665.
5, 116933
What are the prime factors of 13052143?
13, 71, 79, 179
List the prime factors of 3299661.
3, 229, 1601
What are the prime factors of 1838552?
2, 229819
What are the prime factors o